ulate the remainder when 88789 is divided by 11.
8
Calculate the remainder when 51232 is divided by 233.
205
What is the remainder when 2096703 is divided by 914?
901
Calculate the remainder when 1715 is divided by 687.
341
Calculate the remainder when 16099 is divided by 4937.
1288
What is the remainder when 74679 is divided by 329?
325
What is the remainder when 89701 is divided by 89690?
11
What is the remainder when 73438 is divided by 18?
16
What is the remainder when 6080 is divided by 221?
113
Calculate the remainder when 165980 is divided by 1456.
1452
Calculate the remainder when 348756 is divided by 21797.
4
Calculate the remainder when 60297 is divided by 34.
15
Calculate the remainder when 15812 is divided by 7576.
660
Calculate the remainder when 28095 is divided by 9360.
15
Calculate the remainder when 18264 is divided by 85.
74
What is the remainder when 596 is divided by 5?
1
Calculate the remainder when 10697 is divided by 48.
41
What is the remainder when 109309 is divided by 54649?
11
Calculate the remainder when 17994 is divided by 3356.
1214
What is the remainder when 981 is divided by 258?
207
What is the remainder when 1154 is divided by 182?
62
What is the remainder when 16283 is divided by 341?
256
Calculate the remainder when 63079 is divided by 10490.
139
What is the remainder when 311183 is divided by 212?
179
Calculate the remainder when 55824 is divided by 1034.
1022
What is the remainder when 1144 is divided by 24?
16
What is the remainder when 3222 is divided by 1702?
1520
Calculate the remainder when 941 is divided by 409.
123
What is the remainder when 139537 is divided by 2736?
1
What is the remainder when 46626 is divided by 124?
2
What is the remainder when 21491 is divided by 307?
1
Calculate the remainder when 5536 is divided by 230.
16
What is the remainder when 9796 is divided by 196?
192
Calculate the remainder when 12472 is divided by 7.
5
Calculate the remainder when 11454 is divided by 457.
29
What is the remainder when 147680 is divided by 1191?
1187
Calculate the remainder when 9849 is divided by 137.
122
What is the remainder when 11542 is divided by 38?
28
What is the remainder when 905964 is divided by 28?
24
Calculate the remainder when 685 is divided by 37.
19
Calculate the remainder when 10239 is divided by 1385.
544
Calculate the remainder when 228740 is divided by 35.
15
What is the remainder when 5800 is divided by 208?
184
What is the remainder when 6178 is divided by 60?
58
What is the remainder when 242882 is divided by 481?
458
What is the remainder when 360314 is divided by 161?
157
Calculate the remainder when 499795 is divided by 27766.
7
Calculate the remainder when 1839 is divided by 132.
123
What is the remainder when 39555 is divided by 289?
251
What is the remainder when 189459 is divided by 2595?
24
Calculate the remainder when 13871 is divided by 12.
11
What is the remainder when 4359 is divided by 45?
39
Calculate the remainder when 3800 is divided by 770.
720
Calculate the remainder when 334 is divided by 208.
126
What is the remainder when 5063 is divided by 316?
7
Calculate the remainder when 37185 is divided by 9280.
65
Calculate the remainder when 291 is divided by 65.
31
What is the remainder when 8026 is divided by 2006?
2
What is the remainder when 6441 is divided by 397?
89
What is the remainder when 658283 is divided by 27?
23
What is the remainder when 8413 is divided by 55?
53
Calculate the remainder when 1392862 is divided by 1319.
1317
What is the remainder when 182092 is divided by 87?
1
Calculate the remainder when 215857 is divided by 19.
17
Calculate the remainder when 1431 is divided by 183.
150
What is the remainder when 53869 is divided by 112?
109
Calculate the remainder when 5392 is divided by 1792.
16
Calculate the remainder when 826988 is divided by 29.
24
What is the remainder when 1664 is divided by 365?
204
Calculate the remainder when 2060 is divided by 1053.
1007
Calculate the remainder when 4700 is divided by 518.
38
What is the remainder when 1321 is divided by 619?
83
Calculate the remainder when 30227 is divided by 37.
35
Calculate the remainder when 1440 is divided by 62.
14
What is the remainder when 3094 is divided by 88?
14
Calculate the remainder when 133535 is divided by 16691.
7
Calculate the remainder when 55290 is divided by 211.
8
What is the remainder when 10073 is divided by 5016?
41
What is the remainder when 5669 is divided by 27?
26
Calculate the remainder when 287 is divided by 97.
93
What is the remainder when 108935 is divided by 17?
16
Calculate the remainder when 1468 is divided by 444.
136
Calculate the remainder when 88703 is divided by 176.
175
What is the remainder when 634 is divided by 145?
54
Calculate the remainder when 934932 is divided by 91.
89
What is the remainder when 7242 is divided by 7240?
2
What is the remainder when 1191382 is divided by 13?
10
Calculate the remainder when 186540 is divided by 21.
18
Calculate the remainder when 12526 is divided by 330.
316
Calculate the remainder when 2287 is divided by 455.
12
What is the remainder when 4630092 is divided by 73?
67
Calculate the remainder when 81014 is divided by 365.
349
Calculate the remainder when 16883 is divided by 8435.
13
What is the remainder when 1406 is divided by 329?
90
What is the remainder when 28757 is divided by 124?
113
What is the remainder when 3319 is divided by 949?
472
Calculate the remainder when 19718 is divided by 109.
98
What is the remainder when 74 is divided by 48?
26
What is the remainder when 34033 is divided by 249?
169
Calculate the remainder when 102924 is divided by 251.
14
What is the remainder when 6135 is divided by 146?
3
Calculate the remainder when 639 is divided by 376.
263
What is the remainder when 9447 is divided by 3?
0
Calculate the remainder when 20781 is divided by 16.
13
Calculate the remainder when 644274 is divided by 71585.
9
Calculate the remainder when 772 is divided by 169.
96
Calculate the remainder when 134272 is divided by 134258.
14
What is the remainder when 24040 is divided by 42?
16
What is the remainder when 19198 is divided by 6230?
508
What is the remainder when 525475 is divided by 321?
319
What is the remainder when 4432 is divided by 40?
32
What is the remainder when 152054 is divided by 981?
980
Calculate the remainder when 277435 is divided by 55481.
30
Calculate the remainder when 314968 is divided by 104985.
13
Calculate the remainder when 2046984 is divided by 148.
144
Calculate the remainder when 20225 is divided by 4921.
541
Calculate the remainder when 126258 is divided by 214.
212
Calculate the remainder when 19836 is divided by 9914.
8
What is the remainder when 24005 is divided by 7740?
785
What is the remainder when 5037 is divided by 12?
9
Calculate the remainder when 135838 is divided by 1095.
58
What is the remainder when 132054 is divided by 63?
6
Calculate the remainder when 47248 is divided by 64.
16
Calculate the remainder when 26347 is divided by 170.
167
What is the remainder when 45270 is divided by 15079?
33
Calculate the remainder when 139 is divided by 93.
46
Calculate the remainder when 1907 is divided by 516.
359
What is the remainder when 2586 is divided by 104?
90
Calculate the remainder when 8727 is divided by 2156.
103
What is the remainder when 20886 is divided by 5213?
34
Calculate the remainder when 5084 is divided by 2535.
14
Calculate the remainder when 1016 is divided by 824.
192
What is the remainder when 58495 is divided by 13?
8
Calculate the remainder when 244837 is divided by 4996.
33
Calculate the remainder when 255510 is divided by 74.
62
Calculate the remainder when 1146754 is divided by 8133.
1
Calculate the remainder when 184197 is divided by 20.
17
What is the remainder when 208883 is divided by 20?
3
What is the remainder when 20582 is divided by 84?
2
What is the remainder when 33171 is divided by 16?
3
What is the remainder when 521471 is divided by 25?
21
Calculate the remainder when 43822 is divided by 8762.
12
What is the remainder when 26872 is divided by 103?
92
Calculate the remainder when 1266 is divided by 1215.
51
What is the remainder when 719006 is divided by 59917?
2
Calculate the remainder when 1961 is divided by 1